divisor of 21 and j?
7
Let l = -1128 - -8148. What is the greatest common divisor of 108 and l?
108
Let m be (-1470)/28*4/(-7). Calculate the greatest common divisor of 7380 and m.
30
Suppose -2170 + 9914 = 32*o. What is the greatest common divisor of o and 9801?
121
Let z = -4 - -9. Let h = 6 - z. Suppose 2*n + h = 33. What is the highest common factor of 16 and n?
16
Suppose -4*i - 212*x + 208*x + 136 = 0, i + 3*x = 42. What is the highest common factor of i and 2190?
30
Let f = -2174 - -2187. Calculate the highest common factor of 8489 and f.
13
Let r = 67 + -59. Suppose -r - 12 = -5*a + 3*v, -a = -3*v - 4. Suppose -a*c = 4*n - 80, -n - 4*n + 103 = 4*c. Calculate the highest common divisor of n and 23.
23
Suppose -197 = m - 0. Let c = m + 217. Calculate the highest common divisor of 200 and c.
20
Suppose 121 + 1879 = 40*y. What is the greatest common factor of 1600 and y?
50
Let d = 206 + -202. Suppose 0 = -5*t + 2*a + 3148, a - 1891 = -d*t + t. Calculate the greatest common divisor of t and 70.
70
Let a = 1808 - 1558. Calculate the highest common factor of a and 30.
10
Suppose -4*x = 2*a - 2, 10*x - 9*x + 5*a = -13. Suppose -3*g + x*g + 9 = 4*c, 5*g - 2*c = 133. Calculate the highest common divisor of 775 and g.
25
Let q(d) = 4*d**2 - 2*d - 4. Let n be q(-2). Let c = 18 - n. Suppose 10 = -5*h + 3*k + 66, c*k + 4 = 0. Calculate the highest common factor of h and 90.
10
Suppose -6*o + 54 - 168 = 0. Let u = 53 + o. Let s(c) = 6*c**2 + 2*c - 2. Let q be s(7). Calculate the highest common factor of q and u.
34
Let s = 588 + -942. Let u = 1021 + s. Calculate the greatest common factor of 23 and u.
23
Suppose f + 5*o - 9*o + 84 = 0, -4*o = -3*f - 252. Let v be 6 - (6 - 1) - (f - 0). What is the greatest common factor of v and 17?
17
Let c be (-18)/63 - ((-16)/7 - -1). Let l be -31 - -188 - -5*c. What is the greatest common factor of 216 and l?
54
Let g(x) = 2*x + 19. Let b(f) = f**2 - 5*f + 15. Let o be b(6). Let v be g(o). Suppose 3*h - 5 - v = 0. Calculate the highest common factor of 2 and h.
2
Let u be (19/3)/(8/48). Let j = 856 + -210. What is the greatest common divisor of j and u?
38
Suppose 0*w - 3*q + 157 = 5*w, -2*w + 62 = q. Suppose -4*n = w - 49. Suppose -o + 1050 = n*o. What is the highest common factor of 35 and o?
35
Let u(z) = -3384*z - 23661. Let b be u(-7). Calculate the greatest common divisor of 3321 and b.
27
Let b = -334 - -285. Let n be 43 - b/(13 - 6). Let j = -46 + 76. Calculate the highest common factor of j and n.
10
Suppose -4289 = -4*a - 5*r, -7709 = -5*a - 3*r - 2351. Calculate the greatest common divisor of a and 833.
119
Let u be (28/(-5))/(2/(-10)). Suppose -v - 5*k + 176 = -3*k, 4*v + k = 725. Suppose 15*w = 238 + v. Calculate the greatest common divisor of w and u.
28
Let o be (-3383)/17*(2 + -3). Suppose 726 = -198*y + o*y. What is the greatest common divisor of 66 and y?
66
Suppose -a - 7 = 4*l + 1, 13 = 4*a + l. Suppose 2*n + 92 = 2*z - 2*n, 3*z - 148 = -a*n. What is the greatest common factor of 32 and z?
16
Suppose 2*g + 151*r - 386 = 156*r, -g + 202 = -r. Calculate the greatest common divisor of 304 and g.
16
Let p = 32772 + -8522. What is the greatest common factor of p and 250?
250
Let a = -19252 - -19476. Calculate the greatest common divisor of a and 2544.
16
Suppose -3*t = -16*t + 51 + 2016. What is the greatest common divisor of t and 424?
53
Let f = 47 - 36. Let v(p) = 2*p - 7. Let q be v(-7). Let r be (-6)/q + (-2073)/(-21). What is the greatest common divisor of f and r?
11
Let v be -33*(-23 + ((-4)/20 - 55/(-25))). What is the highest common divisor of v and 819?
63
Let z be 2 - (-26)/((-78)/(-45)). What is the highest common factor of z and 1?
1
Suppose 4*h = -42*c + 40*c + 2332, -h = -5*c + 5863. Suppose c = 24*o - 484. Calculate the highest common factor of o and 161.
23
Suppose -14*s + 30*s - 1536 = 0. Let w(y) = -25*y**3 - 2*y**2 - 2*y - 1. Let r be w(-1). Calculate the greatest common factor of r and s.
24
Let g(v) = v**2 + 12*v - 12. Suppose 4*i - 2*i + 24 = 0. Let u be g(i). Let x be 1/4*-2*(0 + u). Calculate the greatest common factor of x and 15.
3
Suppose -2*l - 3*m = -354, 2*m - 8 = 4*m. What is the highest common factor of l and 15?
3
Let y be (-3)/(-9) + (-3)/(9/(-71)). Suppose -y = -4*h - 3*x, -x + 4 = -0. Suppose h*m - 8 = -m. Calculate the greatest common divisor of 22 and m.
2
Suppose -1191 = 10*c - 3181. Let p = 241 - c. What is the greatest common divisor of 126 and p?
42
Let w be (-8264)/(-24) - ((-8)/3 - -3). Suppose 5*d = -3*d + w. What is the highest common divisor of d and 43?
43
Suppose -3*h = -4*v - h + 90, -4*v = 3*h - 85. Let y(d) = 2*d**2 + 5*d - 227. Let r be y(13). Calculate the greatest common divisor of v and r.
22
Let l(k) = 125*k + 2756. Let b be l(-22). Suppose 2*d + 0*g = 3*g + 69, -d = 4*g - 40. Calculate the greatest common divisor of b and d.
6
Let c = 6 - -57. Let s be (-3920)/(-224)*3*(-2)/(-5). Calculate the greatest common factor of s and c.
21
Suppose 4*m - 22 = -2*u + 4*u, m - 5*u - 19 = 0. Let c be (m/2)/(-1) + (-204)/(-68). What is the highest common divisor of 23 and c?
1
Let j(d) = -2*d**3 + d**2 - d - 1. Let r(c) = 13*c**3 - 22*c - 11. Let x(y) = -6*j(y) - r(y). Let w be x(-9). Calculate the highest common divisor of w and 1.
1
Suppose 2*n + 19 + 49 = 0. Let o = -81 - -58. Let g = o - n. What is the greatest common factor of g and 77?
11
Let o(d) = -7*d - 19. Let f(i) = -4*i + 7. Let y be f(6). Let u be o(y). Calculate the greatest common factor of u and 25.
25
Let o(j) = -j**2 + 27*j - 16. Let g = -116 - -127. Let d be o(g). Let b(p) = -6*p - 62. Let y be b(-12). Calculate the highest common factor of d and y.
10
Let k = 1552 + -850. Let c be 6305/(-20) + 15/60. Let t = c + k. Calculate the greatest common divisor of t and 43.
43
Let t(s) = -21*s + 3. Let j be t(-3). Suppose -164 = -5*y + j. Let a = y - 34. What is the greatest common factor of a and 12?
12
Suppose 2*l + 5*g - 82 = 0, 24*g = 25*g + 2. Calculate the greatest common factor of 13846 and l.
46
Let j = -29 - -50. Let n be (-10)/(-4) - (7088/(-20) + 50/(-500)). What is the highest common factor of n and j?
21
Let c = 143 - 114. Suppose -32*l + c*l + 42 = 0. What is the highest common divisor of 35 and l?
7
Suppose -2*q = -7*q - 10, 4*f + 4*q = 40. Let n = -252 - -354. What is the highest common divisor of n and f?
6
Let p be (28 - 33) + (-4)/((-4)/285). Let i = 316 - p. Calculate the highest common divisor of 8 and i.
4
Let s(m) = -m**3 + 26*m**2 + 45*m - 412. Let h be s(18). What is the greatest common factor of 13 and h?
13
Suppose 6*q - 413 = 397. Let r = -7071 + 7251. Calculate the highest common factor of q and r.
45
Suppose -35*b + 68000 = -3*b. Calculate the greatest common factor of 51 and b.
17
Let y = 18629 + -9451. Calculate the highest common factor of 26 and y.
26
Let q(a) = a**3 + 9*a**2 + 2*a - 10. Let b = -38 - -32. Let p be q(b). Suppose -3*o = -o - p. Calculate the greatest common divisor of o and 43.
43
Suppose 2*k - 4 = 6*k + 4*s, 0 = 4*k - s - 16. Suppose 4*o = -3*u + 35, -5*o = -4*u - k*o + 32. What is the greatest common factor of u and 36?
9
Let f be (-473)/(-44) + (-2)/(-8). Suppose -a - 3*w + 25 = -f, 0 = 3*a - w - 88. Calculate the highest common factor of 280 and a.
10
Let p = -7248 - -8249. What is the highest common divisor of 1 and p?
1
Let s = -18 - -21. Suppose s*p - p - 20 = -4*x, -5*p = 3*x - 15. Let g be p - -70 - (15/5 + -2). What is the highest common divisor of g and 23?
23
Let f be 354/21 - 180/210. Suppose 5616 = f*l + 2*l. Calculate the highest common divisor of l and 39.
39
Let f(t) = 5*t + 62. Let w be f(21). Let j = w - 157. What is the greatest common factor of 55 and j?
5
Let n be (-52472)/(-4 + -10) - (-14)/(-2). Calculate the greatest common factor of 258 and n.
129
Suppose -g - 475 = -6*a + 1346, 0 = -a + 2*g + 298. What is the highest common divisor of 513 and a?
19
Let w be (-12)/27 + 3350/45. Suppose -w*s = -19*s - 2310. What is the greatest common factor of 70 and s?
14
Let m be (-84)/(-10) + 4/(-10). Let x(d) = -2*d**2 + 17*d - 5. Let r be x(m). Let y = 173 + r. What is the highest common divisor of y and 22?
22
Let k = -155 - -159. Suppose 21 = 2*w + 6*t - 3*t, -k*w + 5*t + 9 = 0. Let x = 20 + -14. What is the greatest comm